3*x**4/8 - 13*x**3/6 + 6*x**2. What is the remainder when w(-13) is divided by 11?
6
Let t = -255 + 322. What is the remainder when 466 is divided by t?
64
Let c(t) = -t**3 + t**2 - t - 1. Let x(l) = -3*l**3 + l**2 - 7*l - 4. Let p(z) = -2*c(z) + x(z). Calculate the remainder when p(-3) is divided by 17.
14
Let g(f) = f**2 + f + f**2 - f**2. Let o be g(-2). Suppose -197 = -5*p - 2*q, o*p - 86 = -0*p + q. Calculate the remainder when p is divided by 14.
13
Let i(k) = k - 9. Let x be i(12). Let o be x/(-1) + 2 - 39. What is the remainder when 8*(-2)/(o/15) is divided by 3?
0
Let m = 76 - 106. Let v = -18 - m. Calculate the remainder when 44 is divided by v.
8
What is the remainder when (5/25)/(-4 + 15105/3775) is divided by 11?
8
Suppose 0 = 12*c - 27 + 111. Let a(h) = -h**3 - 7*h**2 - 5*h - 23. What is the remainder when 22 is divided by a(c)?
10
Suppose 320 = 3*b + 2*z, -122 = 3*b + 3*z - 443. Calculate the remainder when b is divided by 27.
25
Suppose 3*l - 8*l + 35 = 0. Let b = l - -48. Suppose 3*u - b = a, 2*u = 4*u + 5*a - 14. What is the remainder when u is divided by 10?
7
Suppose -p = -0*p - 102. Suppose 43 - 3 = 5*t. Suppose -9*v + p = -t*v. Calculate the remainder when v is divided by 26.
24
Let r = -34 + 40. Suppose -k - 4 = -r. Suppose -l = 5*m - 47 - 10, -m = k*l - 105. What is the remainder when l is divided by 11?
8
Let f(c) = 3*c + 25. Let r(o) = -8*o - 74. Let a(d) = 17*f(d) + 6*r(d). Let y = 19 + 34. What is the remainder when y is divided by a(10)?
9
Suppose -10*l = -134 - 76. Calculate the remainder when 80 is divided by l.
17
Suppose -1079 = -5*j - 0*w - 4*w, 2*w + 8 = 0. Calculate the remainder when j is divided by 10.
9
Let q(d) = 2*d + 49. Let n be q(-20). Calculate the remainder when 24 is divided by (1/n*-51)/((-2)/6).
7
Let r(g) = 212*g - 133. What is the remainder when r(2) is divided by 43?
33
Suppose -2*f - 1 = 11. Let r = -100 + 102. Calculate the remainder when 37 is divided by 16 + -6 - f/r.
11
Let h = -959 + 1110. What is the remainder when h is divided by 54?
43
Suppose 30*g - 44*g + 490 = 0. What is the remainder when 555 is divided by g?
30
Let j = -43 + 43. Calculate the remainder when 47 is divided by (j/5)/4 + 16.
15
Let n(w) = -w**3 - 4*w**2 + 2*w + 2. Let m be n(-4). Suppose -14*d - 15 - 13 = 0. Calculate the remainder when d*((-525)/m)/(-7) is divided by 13.
12
Let h(d) = d**3 + 5*d**2 + 7*d - 15. Let b be h(-7). Let m = 171 + b. What is the remainder when 17 is divided by m?
8
Calculate the remainder when 164 is divided by (4 + (20 - 9))*(-14)/(-5).
38
Suppose -2*f + 11 = -15. Calculate the remainder when 35 is divided by f.
9
Let o = -4 - -6. Suppose -20*r = -32*r - 5*x + 113, -2*r - 3*x + 21 = 0. What is the remainder when 67/o + 1/(-2) is divided by r?
6
Let d(l) = -2*l**3 - 2*l**2 + l + 120. What is the remainder when d(0) is divided by 61?
59
Suppose -33 = -5*o + 52. What is the remainder when 31 is divided by o?
14
Let b = -39 - -37. What is the remainder when (3714/(-27))/b - 18/(-81) is divided by 14?
13
Let d be (-4)/(6 - 5) + -1. Let a(c) = c**2 + 2*c + 22. Suppose 2*g = 60 - 20. Calculate the remainder when a(d) is divided by g.
17
Let o = -9 + 7. Let y = o - -7. Let c(x) = -x**2 + 8*x - 5. What is the remainder when 39 is divided by c(y)?
9
Suppose -69*o - 4*o + 67014 = 0. Calculate the remainder when o is divided by 23.
21
Suppose -15*j - 264 + 2724 = 0. Calculate the remainder when j is divided by 19.
12
Let m(r) = 4*r**2 - 2*r + 75. Calculate the remainder when m(11) is divided by 49.
47
Let y = 868 + -856. What is the remainder when y is divided by (-2)/3*(-3 - 0)?
0
Suppose -29 + 11 = -3*n. Let m = 12 + -10. Suppose u = 2*y - 5*y + 29, m*y - 59 = -3*u. Calculate the remainder when u is divided by n.
5
Suppose 0 = 56*z - 62*z + 588. Calculate the remainder when z is divided by 35.
28
Let q = 5 - -1. Let c = 0 + q. Suppose 3*u + 49 = 2*z, -5*z - 5*u - 45 = -155. Calculate the remainder when z is divided by c.
5
Suppose -5*b + 4*b = -68. Suppose -3*n + 5*n = b. What is the remainder when n is divided by 19?
15
Calculate the remainder when (-27 + -3)*(-6)/9 is divided by (-1 - (-15)/9) + 62/6.
9
Suppose -2*i + 2 = -2*j - 5*i, 0 = 3*j + 2*i - 2. Suppose -j*s + 3*s = a - 63, -4*a = -2*s - 246. Calculate the remainder when a is divided by 7.
4
Let v = -10 - -25. Let w(n) = 3*n**2 + 6*n - 3. Let k be w(2). Suppose 4*j = 8*t - 5*t + k, 2*j = -t + 13. What is the remainder when v is divided by j?
3
Let h(r) = 5*r + 97. What is the remainder when h(-7) is divided by 25?
12
Let c be 9 + (-1 + 0 - 2). Suppose -44 = -c*m + 112. Calculate the remainder when 100 is divided by m.
22
Let r = -6 + 5. Let d be 167 - (r + 2 + -2). Suppose 0 = -6*t - 0*t + d. Calculate the remainder when 111 is divided by t.
27
Let d = 2 - 1. Let j(n) = -51*n - 606. Calculate the remainder when 7/(8/6 - d) is divided by j(-12).
3
Let v(h) = 2*h**2 + 4*h - 4. Suppose -m - 11 + 87 = 0. What is the remainder when m is divided by v(3)?
24
Let r(m) = -m**3 + 8*m**2 + 6*m + 2. Let n = 11 - 7. Suppose w - n = 0, 5*d + 0*w = 5*w + 65. Calculate the remainder when r(8) is divided by d.
16
Let v(q) = -q**3 - 8*q**2 - q + 10. Let p be v(-8). Let h = p - 15. Let i = 8 - 0. Calculate the remainder when i is divided by h.
2
Calculate the remainder when 64 is divided by 1/((-132)/(-165) - 6/10).
4
Let g be 2/3*(-3 + 6/4). Calculate the remainder when 72 is divided by (-13)/(52/(-88)) + (-3)/g.
22
Let h(g) = -7*g**3 - 31*g**2 + 13*g + 5. What is the remainder when 117 is divided by h(-5)?
37
Suppose 0 = -24*q + 25*q + 2. What is the remainder when ((-9)/(-6) + -3)*(-10 + q) is divided by 6?
0
Suppose -24*x = -16*x - 880. Calculate the remainder when x is divided by 16.
14
Suppose 0*b - 3*b = -27. Let z(g) = g**3 - 8*g**2 - 4*g - 16. What is the remainder when z(b) is divided by 15?
14
Let d(l) = l**2 + 12*l + 20. Let a be d(-10). Let p(h) = -h**2 - 2*h + 63. What is the remainder when p(a) is divided by 16?
15
Let k(h) = 3 - h**2 - 5 + 8*h + 5. Let v(s) = -36*s. Calculate the remainder when v(-1) is divided by k(4).
17
Let n(s) = -s + 12. Let f be n(10). Suppose -92 = -6*c + f*c. Let h(q) = 11*q**3 + 1. What is the remainder when c is divided by h(1)?
11
Let w(o) = o**2 - 2 + 4*o**3 - 4*o + 4*o + 5*o**3. Let y be w(-2). What is the remainder when (y/(-21))/((-2)/(-33)) is divided by 14?
13
Suppose 4*i = -p + 399, -2*p = 8*i - 13*i + 502. Calculate the remainder when i is divided by 24.
4
Let a(m) = 5*m**2 - 6*m + 3. Suppose 17*s - 14*s - 90 = 0. Calculate the remainder when a(4) is divided by s.
29
Suppose 4*r - c + 4*c = 141, -2*r + 71 = c. Let m = -202 - -181. Let j = r + m. What is the remainder when j is divided by 9?
6
Suppose 80 = 5*b + 5*v, 0 = 3*b + 2*v - 0*v - 46. Calculate the remainder when 48 is divided by b.
6
Let i(n) = 20*n**2 - 50*n + 90. Calculate the remainder when i(2) is divided by (-153)/(-4) - 1/4.
32
Suppose -a + 4*f + 0*f + 21 = 0, -3*a = 4*f - 111. What is the remainder when a is divided by 19?
14
Suppose -6*j + 108 + 12 = 0. What is the remainder when 15 is divided by j/6 - (-30)/45?
3
Calculate the remainder when (-4)/(-14) + 67800/840 is divided by 68.
13
Let n = 46 + -76. Let r = n + 28. Let z = 17 - r. Calculate the remainder when z is divided by 6.
1
Let w be 2/(-44)*4 - (-3504)/33. Suppose -s - w = -3*s + z, 2*s - 108 = 2*z. Calculate the remainder when 102 is divided by s.
50
Let q = 32 + -27. Let d be -2 + 1 - (1 - 12). Calculate the remainder when -5 + q - d/(-1) is divided by 4.
2
Let q be 116/14 - (-4)/(-14). Let p = 1780 - 1777. What is the remainder when 15/2*q/6 is divided by p?
1
Suppose 0 = 3*r - 21 - 642. Calculate the remainder when r is divided by 25.
21
Suppose 1648 - 1666 = -3*b. What is the remainder when 27 is divided by b?
3
Suppose 8*o - 15 = 17. Suppose 5*x = o*x + 19. What is the remainder when x is divided by 7?
5
Suppose 33 + 21 = 3*a. Let b be (-1)/(4 + 122/(-30)). Calculate the remainder when (70/3)/(5/b) is divided by a.
16
Suppose 0 = -b - 1, -p - b = -2*p + 3. Let s(x) = -3*x**3 + 15 + 9*x + 5*x**3 - 4 - x**3 + 9*x**p. Calculate the remainder when 8 is divided by s(-8).
2
Suppose 0*d - 3*z = 2*d - 27, 0 = -5*d - 4*z + 78. Let g(j) = -6*j + 1. Let c be 3 - (-16)/(-2 + -2). Wh